*12/150*s?
3
Let f = -8 + 22. Suppose 0 = -c - 5 + f. Suppose -5*i + c = -11. What is the units digit of i?
4
Suppose -1 - 1 = -f. Let v = f + 2. Suppose -5*i = 2*m - 29, m - 1 = -v*i + 24. What is the units digit of i?
7
Suppose v + 10 = 4*u - 6, -4 = -u + 2*v. Suppose u*n - 46 = -18. Let c = 27 + n. What is the units digit of c?
4
Let m be (-988)/(-342) + 2/18. Let k(h) = h**2 - 5*h + 4. Let d be k(5). Suppose -m*n + 3*u + 18 = 0, -d*n = 3*u + 2*u - 33. What is the units digit of n?
7
Let m(f) = -3*f - 6. Let c(x) = -x - 8. Suppose h - 4*h = 0. Let u be c(h). What is the tens digit of m(u)?
1
What is the units digit of -1059*(1 + -2)*1?
9
Let w(s) = 109*s**2 + 3*s - 1. Suppose 5*y - 2*k - 9 = 0, 10*k = 11*k + 2. What is the tens digit of w(y)?
1
Suppose -3*q = -107 + 476. Let v = q + 188. What is the units digit of v?
5
Suppose 62407 = 241*x - 224*x. What is the tens digit of x?
7
Let x be 116/16 - 2/8. What is the tens digit of (52/(-14))/((-1)/x)?
2
Let k be (-2 + 5)*-51 + 1. Let p = k - -246. What is the tens digit of p?
9
Suppose 5*p - v - 14 = 0, 4*p + 0*v = -2*v. Suppose -p*d = 20 + 18. Let c = 41 + d. What is the units digit of c?
2
Suppose -2*c + 5*s - 15 = 0, 4*s - 7 = c + 8. Suppose c*j = 9*j - 404. What is the units digit of j?
1
Let h = 1309 + -229. What is the hundreds digit of h?
0
What is the hundreds digit of ((-99)/(-6))/(-3 - 458/(-152))?
2
Let g = 16 - -5. What is the units digit of (-4 - (4 + -4)) + g?
7
Let t = 70 + -67. What is the units digit of (-6 - 0)*(-105)/t?
0
Let r = 495 - 304. Let t = -122 + r. What is the tens digit of 3 + -4 + t - 2?
6
Suppose 0 = -5*g + g + 20, -2*h - 4*g + 1004 = 0. Let z = -323 + h. What is the units digit of z?
9
Suppose 2*b = -5 + 13. Suppose -4*n + 66 = 3*a - 29, 50 = 2*n + b*a. What is the tens digit of n?
2
Suppose 12*p - 8*p = 20. Suppose -p*r = -3*i + 95, -4*r = r + 20. Let a = i + -10. What is the tens digit of a?
1
Let u(z) = 11*z**2 - 11*z + 29. What is the tens digit of u(3)?
9
Suppose -28 = -3*b - 10. What is the units digit of (-9)/b*(-186 - (0 - 0))?
9
Suppose 49*o - 19968 = 37*o. What is the tens digit of o?
6
What is the tens digit of -15 + (2 - -5) + 1324?
1
Suppose -2*c = -370 - 746. What is the hundreds digit of c?
5
Let f = 27 - -107. What is the tens digit of f?
3
Suppose 0 = -18*g + 122*g - 201656. What is the units digit of g?
9
Let o(x) = 14*x + 4 + 1 - 6 + 70*x. What is the tens digit of o(1)?
8
Let j(v) = 4*v + 16. Let x(m) = -m + 27. Let y be x(13). What is the tens digit of j(y)?
7
Let j(k) = -k**3 - 11*k**2 - 10*k + 9. Let f be j(-8). Let h = -44 - f. Let i = h - 40. What is the tens digit of i?
1
Let x = -217 + 250. What is the tens digit of x?
3
Suppose -56*b + 335488 = 8*b. What is the thousands digit of b?
5
Let j be (-20)/(-60)*(0 - -15). What is the tens digit of ((j*6)/(-2))/(3/(-34))?
7
Suppose 7*v = -25 + 4. Let u(l) = 2*l**2 + l - 6. What is the units digit of u(v)?
9
Suppose 6*r - 2*r - 3716 = 0. What is the tens digit of r?
2
Let o(n) = n**3 + 11*n**2 - 13*n - 14. Let g(c) = -c**2 + 9*c - 2. Let l be g(10). Let k be o(l). What is the units digit of 8/(-16)*4/k?
1
Suppose u - 610 = -u - 5*r, 5*u + 5*r - 1525 = 0. What is the hundreds digit of u?
3
Suppose 0 = 4*j + 5*k + 65, 5*k = 5*j + 16 + 9. Let v = j + 15. Suppose -v*p - 86 = -2*w, -6*w - 2*p + 148 = -3*w. What is the units digit of w?
8
Let s be 4 + -2 - (2 + -3). Suppose -4*m + 1 = -s*m. What is the tens digit of 252/12 + -2*m?
1
Let p = -20 - 54. Let k = 144 + p. What is the tens digit of k?
7
Suppose 0 = -l - l + 4*n + 10, -4*l = -3*n. Let t be (l/6)/((-2)/44). Suppose -7 = -2*w + t. What is the units digit of w?
9
Let q = -941 + 1393. What is the hundreds digit of q?
4
Let p(d) = -d**2 + 8*d - 6. Let l be p(7). What is the tens digit of 24/l*(-6)/(-4)?
3
What is the tens digit of 202036/53 - (-7)/1?
1
Suppose 2*o - o = 102. What is the units digit of (1*o + -2)/2?
0
Suppose -2*c = 50 - 80. Suppose -2*l - 4 = -36. Let t = l - c. What is the units digit of t?
1
Suppose -3*d + 4*j + 35 = 0, -6*j - 5 = d - 4*j. Suppose -8 = -c + d*c. Let t(q) = -4*q**3 - 3*q**2 + q + 2. What is the tens digit of t(c)?
2
Suppose 4*q - 6*m + 10*m = 232, -5*q - 3*m = -286. Suppose 3*l - 119 = -r, -r = -5*l - 199 + q. What is the hundreds digit of r?
1
Let q(d) = -d**3 - d**2 + 7*d + 12. Suppose -2*o + 32 = -10*o. What is the tens digit of q(o)?
3
Suppose 0 = 4*b - 4, q - 4*b + 5*b - 3 = 0. Suppose 4*i + 2*j = -3*j + 225, 4*i = q*j + 190. What is the tens digit of i?
5
Let x(h) = -h**3 + 7*h**2 - 2*h + 5. Let v be x(7). Let r = v - -97. What is the tens digit of r?
8
Suppose -28 - 80 = -4*k. Let g be (-3)/(-6) + k/(-6). What is the units digit of (-297)/(-12) + 3/g?
4
Suppose -5*b + 4*b = -0*b. Suppose b = 6*k - 12*k + 1020. What is the units digit of k?
0
Let k be 3 + (36 - -3) + -2. Suppose -11*u + 12*u - k = 0. What is the tens digit of u?
4
Let d = -47 + 224. What is the hundreds digit of d?
1
Suppose 0 = 185*r - 188*r + 4509. What is the tens digit of r?
0
What is the thousands digit of 657/((-16)/(448/(-12)))?
1
What is the units digit of (-3)/(30/1644*(-2)/5)?
1
Let j = 51 + -28. Let d be 3/(-5) - 106/(-10). Suppose 0 = 5*h - 15, -4*x + d + j = 3*h. What is the units digit of x?
6
Let n = -123 - -173. What is the tens digit of n?
5
Let c = 8 - 0. Suppose -r = -c - 36. What is the tens digit of r?
4
Let u = 563 + 19. What is the units digit of u?
2
What is the tens digit of 1 - 687*2/(-6)?
3
Let z = -9 - -19. Let u = -16 + z. Let w = u + 8. What is the units digit of w?
2
Suppose 0 = n + 2*t - 453, 2297 = 5*n + 2*t - 0*t. What is the hundreds digit of n?
4
Let n(c) = 9*c**3 + 32*c**2 + 20*c - 16. Let h(a) = -3*a**3 - 11*a**2 - 7*a + 5. Let f(b) = -17*h(b) - 6*n(b). What is the hundreds digit of f(-4)?
1
Let k be (8/12)/(4/156). Suppose 44 = -25*i + k*i. What is the tens digit of i?
4
Let d(m) = 6*m**2 - 37*m - 10. What is the hundreds digit of d(-9)?
8
Let o(r) = r**3 + 17*r**2 + 16*r + 5. Let h(l) be the first derivative of l**4/4 + 2*l**3 - 2*l**2 + 5*l + 5. Let d be h(-7). What is the units digit of o(d)?
5
Let v(i) = 4*i**2 - 4*i + 4. Suppose -3*f + 5*q - 15 = 0, 0*f + 4*f - 3*q = -9. Suppose 2*z - 5*r = z - 22, -5*z + 3*r = f. What is the tens digit of v(z)?
2
Suppose -4*a = -2*j - 3*a - 60, -5*j - 165 = 5*a. Let v = j - -22. Let x = v - -19. What is the tens digit of x?
1
Let c(d) = d**3 - 5*d**2 + 6*d - 4. Let s be c(4). Let a be -23*s*(-2)/4. Suppose -b = b - a. What is the tens digit of b?
2
Suppose -7 = -6*h + 3299. What is the units digit of h?
1
Suppose -4*w - 56 = 48. Let x = w + 22. Let l(t) = -7*t - 3. What is the tens digit of l(x)?
2
Suppose 124*y - 118*y - 3480 = 0. What is the tens digit of y?
8
What is the units digit of 1 - -5 - (2 + (6 - 551))?
9
Let h(p) = 4*p**3 + 20*p**2 + 3*p + 12. What is the hundreds digit of h(5)?
0
Let p be (-20)/7*315/(-30). What is the tens digit of 3072/p + (1 - 21/15)?
0
Suppose 8 = 4*u - 4, 3*v = 2*u + 1086. Suppose -763 = -4*f + k, -2*f + v = -0*f - 4*k. What is the units digit of f?
2
Let m = 2 + 7. Let j = m + -9. What is the tens digit of 25 + j + (-12)/(-4)?
2
Suppose 11 + 4 = -5*y. Let u(d) = 27*d**2 - 3*d + 3. What is the tens digit of u(y)?
5
What is the units digit of (2 - -201)/((-1)/(-3))?
9
Let m be 2 - -6*4/6. Let n(q) = 10 + 5*q - m + 5. What is the units digit of n(4)?
9
Let i(r) be the second derivative of -r**3/6 + r**2 + 8*r. Let z be i(1). Let g = z + 8. What is the units digit of g?
9
Suppose 6*r - 7*r = -2. Suppose -5*o + 274 = -3*z - 320, r*z = -4*o + 484. What is the hundreds digit of o?
1
Let v = -16 + 20. Suppose -5*k = v*h - 189, -10*h = -3*k - 5*h + 143. What is the units digit of k?
1
Let a(k) = 126*k - 19. What is the units digit of a(1)?
7
Suppose -r + 11 - 47 = 0. Let h = r + 37. What is the units digit of h?
1
Let o(p) = -114*p + 71. What is the tens digit of o(-12)?
3
Let c be 15/2*(-96)/(-144). Let k(s) = s + 9 - 9 + 19. What is the tens digit of k(c)?
2
Let v(m) = -m + 1. Let r(l) = l**2 + 24*l - 19. Let p(u) = -r(u) - 6*v(u). What is the units digit of p(-18)?
3
Suppose 3*g + 2025 = 6*g. Suppose 12*r = 7*r + g. What is the tens digit of r?
3
Let x(p) = 4*p**2 - p - 19. Let j be x(-6). Let f(w) = -4*w**3 + 4*w**2 - 3*w 